{"version":"1.0","provider_name":"Ve\u00e7 artikuj p\u00ebrmbledh\u00ebs","provider_url":"https:\/\/permbledhja.com\/sq","author_name":"DL","author_url":"https:\/\/permbledhja.com\/sq\/author\/dl\/","title":"Dita e \u00c7lirimit, Kuvendi fillon me seanc\u00eb solemne","type":"rich","width":600,"height":338,"html":"<blockquote class=\"wp-embedded-content\" data-secret=\"N8mFhnd0jx\"><a href=\"https:\/\/permbledhja.com\/sq\/dita-e-clirimit-kuvendi-fillon-me-seance-solemne\/\">Dita e \u00c7lirimit, Kuvendi fillon me seanc\u00eb solemne<\/a><\/blockquote><iframe sandbox=\"allow-scripts\" security=\"restricted\" src=\"https:\/\/permbledhja.com\/sq\/dita-e-clirimit-kuvendi-fillon-me-seance-solemne\/embed\/#?secret=N8mFhnd0jx\" width=\"600\" height=\"338\" title=\"\u201cDita e \u00c7lirimit, Kuvendi fillon me seanc\u00eb solemne\u201d &#8212; Ve\u00e7 artikuj p\u00ebrmbledh\u00ebs\" data-secret=\"N8mFhnd0jx\" frameborder=\"0\" marginwidth=\"0\" marginheight=\"0\" scrolling=\"no\" class=\"wp-embedded-content\"><\/iframe><script>\n\/*! This file is auto-generated *\/\n!function(d,l){\"use strict\";l.querySelector&&d.addEventListener&&\"undefined\"!=typeof URL&&(d.wp=d.wp||{},d.wp.receiveEmbedMessage||(d.wp.receiveEmbedMessage=function(e){var t=e.data;if((t||t.secret||t.message||t.value)&&!\/[^a-zA-Z0-9]\/.test(t.secret)){for(var s,r,n,a=l.querySelectorAll('iframe[data-secret=\"'+t.secret+'\"]'),o=l.querySelectorAll('blockquote[data-secret=\"'+t.secret+'\"]'),c=new RegExp(\"^https?:$\",\"i\"),i=0;i<o.length;i++)o[i].style.display=\"none\";for(i=0;i<a.length;i++)s=a[i],e.source===s.contentWindow&&(s.removeAttribute(\"style\"),\"height\"===t.message?(1e3<(r=parseInt(t.value,10))?r=1e3:~~r<200&&(r=200),s.height=r):\"link\"===t.message&&(r=new URL(s.getAttribute(\"src\")),n=new URL(t.value),c.test(n.protocol))&&n.host===r.host&&l.activeElement===s&&(d.top.location.href=t.value))}},d.addEventListener(\"message\",d.wp.receiveEmbedMessage,!1),l.addEventListener(\"DOMContentLoaded\",function(){for(var e,t,s=l.querySelectorAll(\"iframe.wp-embedded-content\"),r=0;r<s.length;r++)(t=(e=s[r]).getAttribute(\"data-secret\"))||(t=Math.random().toString(36).substring(2,12),e.src+=\"#?secret=\"+t,e.setAttribute(\"data-secret\",t)),e.contentWindow.postMessage({message:\"ready\",secret:t},\"*\")},!1)))}(window,document);\n<\/script>\n","thumbnail_url":"https:\/\/permbledhja.com\/wp-content\/uploads\/2024\/05\/Kuvendi-1.png","thumbnail_width":591,"thumbnail_height":358,"description":"Jan\u00eb b\u00ebr\u00eb 25 vjet q\u00eb kur vendi yn\u00eb u \u00e7lirua nga okupimi serb. N\u00eb 25-vjetorin e k\u00ebsaj dite t\u00eb sh\u00ebnuar p\u00ebr shqiptar\u00ebt, deputet\u00ebt e Kuvendit t\u00eb Republik\u00ebs s\u00eb Kosov\u00ebs do t\u00eb mblidhen n\u00eb seanc\u00eb solemne. N\u00eb rend t\u00eb dit\u00ebs \u00ebsht\u00eb vet\u00ebm nj\u00eb pik\u00eb, pik\u00ebrisht manifestimi i k\u00ebsaj ngjarjeje historike. Seanca \u00ebsht\u00eb njoftuar t\u00eb filloj\u00eb n\u00eb [&hellip;]"}

Veç artikuj përmbledhës

Dita e Çlirimit, Kuvendi fillon me seancë solemne

<blockquote class="wp-embedded-content" data-secret="N8mFhnd0jx"><a href="https://permbledhja.com/sq/dita-e-clirimit-kuvendi-fillon-me-seance-solemne/">Dita e Çlirimit, Kuvendi fillon me seancë solemne</a></blockquote><iframe sandbox="allow-scripts" security="restricted" src="https://permbledhja.com/sq/dita-e-clirimit-kuvendi-fillon-me-seance-solemne/embed/#?secret=N8mFhnd0jx" width="600" height="338" title="“Dita e Çlirimit, Kuvendi fillon me seancë solemne” &#8212; Veç artikuj përmbledhës" data-secret="N8mFhnd0jx" frameborder="0" marginwidth="0" marginheight="0" scrolling="no" class="wp-embedded-content"></iframe><script>
/*! This file is auto-generated */
!function(d,l){"use strict";l.querySelector&&d.addEventListener&&"undefined"!=typeof URL&&(d.wp=d.wp||{},d.wp.receiveEmbedMessage||(d.wp.receiveEmbedMessage=function(e){var t=e.data;if((t||t.secret||t.message||t.value)&&!/[^a-zA-Z0-9]/.test(t.secret)){for(var s,r,n,a=l.querySelectorAll('iframe[data-secret="'+t.secret+'"]'),o=l.querySelectorAll('blockquote[data-secret="'+t.secret+'"]'),c=new RegExp("^https?:$","i"),i=0;i<o.length;i++)o[i].style.display="none";for(i=0;i<a.length;i++)s=a[i],e.source===s.contentWindow&&(s.removeAttribute("style"),"height"===t.message?(1e3<(r=parseInt(t.value,10))?r=1e3:~~r<200&&(r=200),s.height=r):"link"===t.message&&(r=new URL(s.getAttribute("src")),n=new URL(t.value),c.test(n.protocol))&&n.host===r.host&&l.activeElement===s&&(d.top.location.href=t.value))}},d.addEventListener("message",d.wp.receiveEmbedMessage,!1),l.addEventListener("DOMContentLoaded",function(){for(var e,t,s=l.querySelectorAll("iframe.wp-embedded-content"),r=0;r<s.length;r++)(t=(e=s[r]).getAttribute("data-secret"))||(t=Math.random().toString(36).substring(2,12),e.src+="#?secret="+t,e.setAttribute("data-secret",t)),e.contentWindow.postMessage({message:"ready",secret:t},"*")},!1)))}(window,document);
</script>

Janë bërë 25 vjet që kur vendi ynë u çlirua nga okupimi serb. Në 25-vjetorin e kësaj dite të shënuar për shqiptarët, deputetët e Kuvendit të Republikës së Kosovës do të mblidhen në seancë solemne. Në rend të ditës është vetëm një pikë, pikërisht manifestimi i kësaj ngjarjeje historike. Seanca është njoftuar të fillojë në [&hellip;]
