{"version":"1.0","provider_name":"Ve\u00e7 artikuj p\u00ebrmbledh\u00ebs","provider_url":"https:\/\/permbledhja.com\/sq","author_name":"P\u00ebrmbledhja","author_url":"https:\/\/permbledhja.com\/sq\/author\/admin\/","title":"Deputetja e Kuvendit t\u00eb Kosov\u00ebs lind binjak\u00eb","type":"rich","width":600,"height":338,"html":"<blockquote class=\"wp-embedded-content\" data-secret=\"VeErNjnCss\"><a href=\"https:\/\/permbledhja.com\/sq\/deputetja-e-kuvendit-te-kosoves-lind-binjake\/\">Deputetja e Kuvendit t\u00eb Kosov\u00ebs lind binjak\u00eb<\/a><\/blockquote><iframe sandbox=\"allow-scripts\" security=\"restricted\" src=\"https:\/\/permbledhja.com\/sq\/deputetja-e-kuvendit-te-kosoves-lind-binjake\/embed\/#?secret=VeErNjnCss\" width=\"600\" height=\"338\" title=\"\u201cDeputetja e Kuvendit t\u00eb Kosov\u00ebs lind binjak\u00eb\u201d &#8212; Ve\u00e7 artikuj p\u00ebrmbledh\u00ebs\" data-secret=\"VeErNjnCss\" frameborder=\"0\" marginwidth=\"0\" marginheight=\"0\" scrolling=\"no\" class=\"wp-embedded-content\"><\/iframe><script>\n\/*! This file is auto-generated *\/\n!function(d,l){\"use strict\";l.querySelector&&d.addEventListener&&\"undefined\"!=typeof URL&&(d.wp=d.wp||{},d.wp.receiveEmbedMessage||(d.wp.receiveEmbedMessage=function(e){var t=e.data;if((t||t.secret||t.message||t.value)&&!\/[^a-zA-Z0-9]\/.test(t.secret)){for(var s,r,n,a=l.querySelectorAll('iframe[data-secret=\"'+t.secret+'\"]'),o=l.querySelectorAll('blockquote[data-secret=\"'+t.secret+'\"]'),c=new RegExp(\"^https?:$\",\"i\"),i=0;i<o.length;i++)o[i].style.display=\"none\";for(i=0;i<a.length;i++)s=a[i],e.source===s.contentWindow&&(s.removeAttribute(\"style\"),\"height\"===t.message?(1e3<(r=parseInt(t.value,10))?r=1e3:~~r<200&&(r=200),s.height=r):\"link\"===t.message&&(r=new URL(s.getAttribute(\"src\")),n=new URL(t.value),c.test(n.protocol))&&n.host===r.host&&l.activeElement===s&&(d.top.location.href=t.value))}},d.addEventListener(\"message\",d.wp.receiveEmbedMessage,!1),l.addEventListener(\"DOMContentLoaded\",function(){for(var e,t,s=l.querySelectorAll(\"iframe.wp-embedded-content\"),r=0;r<s.length;r++)(t=(e=s[r]).getAttribute(\"data-secret\"))||(t=Math.random().toString(36).substring(2,12),e.src+=\"#?secret=\"+t,e.setAttribute(\"data-secret\",t)),e.contentWindow.postMessage({message:\"ready\",secret:t},\"*\")},!1)))}(window,document);\n<\/script>\n","thumbnail_url":"https:\/\/permbledhja.com\/wp-content\/uploads\/2022\/07\/9447B4EC-5D80-4A01-A48B-D95758385ED2.jpeg","thumbnail_width":696,"thumbnail_height":392,"description":"Deputetja e Kuvendit t\u00eb Kosov\u00ebs nga radh\u00ebt e L\u00ebvizjes Vet\u00ebvendosje, Adelina Grainca \u00ebsht\u00eb b\u00ebr\u00eb n\u00ebn\u00eb. Ajo ka sjell\u00eb n\u00eb jet\u00eb binjak\u00ebt, Malean dhe Malinin. https:\/\/permbledhja.com\/vdes-mjeku-dhe-profesori-i-njohur-kosovar\/ Lajmin e ka b\u00ebr\u00eb t\u00eb ditur deputetja nga LVV, Mimoza Kusari-Lila e cila s\u00eb bashku me deputeten Saranda Bogujevcin e kan\u00eb vizituar deputet\u00ebn Grainca. \u201cAdelina dhe f\u00ebmij\u00ebt jan\u00eb me sh\u00ebndet [&hellip;]"}

Veç artikuj përmbledhës

Përmbledhja

Deputetja e Kuvendit të Kosovës lind binjakë

<blockquote class="wp-embedded-content" data-secret="VeErNjnCss"><a href="https://permbledhja.com/sq/deputetja-e-kuvendit-te-kosoves-lind-binjake/">Deputetja e Kuvendit të Kosovës lind binjakë</a></blockquote><iframe sandbox="allow-scripts" security="restricted" src="https://permbledhja.com/sq/deputetja-e-kuvendit-te-kosoves-lind-binjake/embed/#?secret=VeErNjnCss" width="600" height="338" title="“Deputetja e Kuvendit të Kosovës lind binjakë” &#8212; Veç artikuj përmbledhës" data-secret="VeErNjnCss" frameborder="0" marginwidth="0" marginheight="0" scrolling="no" class="wp-embedded-content"></iframe><script>
/*! This file is auto-generated */
!function(d,l){"use strict";l.querySelector&&d.addEventListener&&"undefined"!=typeof URL&&(d.wp=d.wp||{},d.wp.receiveEmbedMessage||(d.wp.receiveEmbedMessage=function(e){var t=e.data;if((t||t.secret||t.message||t.value)&&!/[^a-zA-Z0-9]/.test(t.secret)){for(var s,r,n,a=l.querySelectorAll('iframe[data-secret="'+t.secret+'"]'),o=l.querySelectorAll('blockquote[data-secret="'+t.secret+'"]'),c=new RegExp("^https?:$","i"),i=0;i<o.length;i++)o[i].style.display="none";for(i=0;i<a.length;i++)s=a[i],e.source===s.contentWindow&&(s.removeAttribute("style"),"height"===t.message?(1e3<(r=parseInt(t.value,10))?r=1e3:~~r<200&&(r=200),s.height=r):"link"===t.message&&(r=new URL(s.getAttribute("src")),n=new URL(t.value),c.test(n.protocol))&&n.host===r.host&&l.activeElement===s&&(d.top.location.href=t.value))}},d.addEventListener("message",d.wp.receiveEmbedMessage,!1),l.addEventListener("DOMContentLoaded",function(){for(var e,t,s=l.querySelectorAll("iframe.wp-embedded-content"),r=0;r<s.length;r++)(t=(e=s[r]).getAttribute("data-secret"))||(t=Math.random().toString(36).substring(2,12),e.src+="#?secret="+t,e.setAttribute("data-secret",t)),e.contentWindow.postMessage({message:"ready",secret:t},"*")},!1)))}(window,document);
</script>

Deputetja e Kuvendit të Kosovës nga radhët e Lëvizjes Vetëvendosje, Adelina Grainca është bërë nënë. Ajo ka sjellë në jetë binjakët, Malean dhe Malinin. https://permbledhja.com/vdes-mjeku-dhe-profesori-i-njohur-kosovar/ Lajmin e ka bërë të ditur deputetja nga LVV, Mimoza Kusari-Lila e cila së bashku me deputeten Saranda Bogujevcin e kanë vizituar deputetën Grainca. “Adelina dhe fëmijët janë me shëndet [&hellip;]
